e number?
True
Is 95039 prime?
False
Is 4337 composite?
False
Is 37523 a composite number?
True
Is 16181 composite?
True
Is 104581 composite?
True
Is 188021 a prime number?
True
Is 27803 prime?
True
Is 22423 prime?
False
Is 1249 composite?
False
Is 12247 a composite number?
True
Is 47869 composite?
False
Is 5737 composite?
False
Is 80843 a composite number?
True
Is 162341 prime?
False
Is 1139 a composite number?
True
Is 9661 a composite number?
False
Is 347359 prime?
True
Is 82435 prime?
False
Is 33679 composite?
False
Is 103 prime?
True
Is 109639 a composite number?
False
Is 110783 prime?
False
Is 563107 composite?
True
Is 232331 a prime number?
False
Is 293767 prime?
True
Is 4315 composite?
True
Is 5711 a prime number?
True
Is 75703 composite?
False
Is 215401 composite?
True
Is 33457 a prime number?
True
Is 21943 composite?
False
Is 14107 composite?
False
Is 24901 prime?
False
Is 12607 prime?
False
Is 131413 prime?
True
Is 1861 prime?
True
Is 31847 prime?
True
Is 10529 a prime number?
True
Is 1067 prime?
False
Is 3967 a composite number?
False
Is 11027 composite?
False
Is 7043 a composite number?
False
Is 22141 composite?
True
Is 45649 a composite number?
True
Is 206377 prime?
False
Is 3585527 a prime number?
False
Is 38111 prime?
False
Is 7928317 composite?
False
Is 10417 a prime number?
False
Is 137369 a prime number?
True
Is 846617 prime?
False
Is 674087 prime?
False
Is 28961 prime?
True
Is 59951 a composite number?
False
Is 3777 a composite number?
True
Is 10237 a prime number?
False
Is 870193 a composite number?
True
Is 162559 a composite number?
True
Is 64433 a prime number?
True
Is 1049387 composite?
False
Is 52609 prime?
True
Is 124861 prime?
False
Is 247153 composite?
True
Is 127 a prime number?
True
Is 14321 a composite number?
False
Is 2453 a composite number?
True
Is 416201 a composite number?
False
Is 198811 a composite number?
False
Is 551579 a composite number?
True
Is 74183 prime?
False
Is 96179 a composite number?
False
Is 47077 composite?
True
Is 47395 prime?
False
Is 3261 prime?
False
Is 2103 prime?
False
Is 95611 prime?
False
Is 43429 a prime number?
False
Is 80909 a composite number?
False
Is 9827 prime?
False
Is 9391 a composite number?
False
Is 887 composite?
False
Is 671647 prime?
True
Is 42233 a prime number?
False
Is 12007 a prime number?
True
Is 34693 a prime number?
True
Is 14143 composite?
False
Is 785459 a composite number?
False
Is 35333 prime?
False
Is 23251 prime?
True
Is 30851 a composite number?
False
Is 838 prime?
False
Is 1843 prime?
False
Is 216267 composite?
True
Is 2099 a composite number?
False
Is 32177 a composite number?
True
Is 1265813 composite?
False
Is 303679 a prime number?
True
Is 389621 a composite number?
False
Is 1363127 prime?
False
Is 22613 a prime number?
True
Is 72095 prime?
False
Is 17519 prime?
True
Is 9347 a prime number?
False
Is 261805 prime?
False
Is 857303 a prime number?
False
Is 19217 prime?
False
Is 2395 a composite number?
True
Is 2153 composite?
False
Is 387545 composite?
True
Is 208457 a prime number?
True
Is 378931 composite?
True
Is 52823 a composite number?
True
Is 20477 a prime number?
True
Is 2517 prime?
False
Is 219805 composite?
True
Is 474457 composite?
True
Is 27397 prime?
True
Is 6779 composite?
False
Is 517589 composite?
False
Is 24407 prime?
True
Is 1847 prime?
True
Is 23969 a prime number?
False
Is 12953 prime?
True
Is 1901 a composite number?
False
Is 9518 prime?
False
Is 10133 a prime number?
True
Is 135023 a prime number?
False
Is 4621 prime?
True
Is 138013 composite?
True
Is 109 a prime number?
True
Is 10289 composite?
False
Is 168898 a prime number?
False
Is 1080119 a prime number?
True
Is 163973 a composite number?
False
Is 5403 composite?
True
Is 169063 prime?
True
Is 18237 composite?
True
Is 89231 a prime number?
True
Is 194353 prime?
True
Is 5961 a composite number?
True
Is 97505 a composite number?
True
Is 83773 a composite number?
False
Is 143873 a prime number?
True
Is 4037 a composite number?
True
Is 8999 a prime number?
True
Is 56741 composite?
True
Is 191738 a prime number?
False
Is 6979 a composite number?
True
Is 1513 prime?
False
Is 744563 a composite number?
True
Is 1017131 a prime number?
True
Is 254929 a composite number?
False
Is 2477 composite?
False
Is 70661 a composite number?
True
Is 140827 prime?
True
Is 102379 a composite number?
True
Is 175211 a prime number?
True
Is 3343 prime?
True
Is 131167 prime?
False
Is 315937 a composite number?
False
Is 4703 prime?
True
Is 25589 composite?
False
Is 20338 composite?
True
Is 6779 prime?
True
Is 319601 composite?
False
Is 20861 a prime number?
False
Is 333709 a prime number?
False
Is 19661 a composite number?
False
Is 43711 a prime number?
True
Is 102707 a composite number?
True
Is 166111 prime?
False
Is 2326 a prime number?
False
Is 156733 prime?
True
Is 979 a composite number?
True
Is 107923 prime?
True
Is 10819 prime?
False
Is 39505 prime?
False
Is 5591 prime?
True
Is 31861 prime?
False
Is 60949 prime?
False
Is 2333 a prime number?
True
Is 46357 prime?
False
Is 27563 a prime number?
False
Is 484781 composite?
True
Is 10583 a composite number?
True
Is 31793 composite?
False
Is 640109 composite?
False
Is 41723 a composite number?
True
Is 1058215 a composite number?
True
Is 24317 a prime number?
True
Is 1337 composite?
True
Is 11861 a composite number?
True
Is 71479 composite?
False
Is 2459 prime?
True
Is 1249 composite?
False
Is 213091 composite?
False
Is 19957 prime?
False
Is 9535 composite?
True
Is 1657 prime?
True
Is 617189 a prime number?
True
Is 350561 a prime number?
True
Is 2736431 prime?
True
Is 227237 a composite number?
True
Is 23269 a prime number?
True
Is 2129 composite?
False
Is 1164733 a prime number?
False
Is 412831 a prime number?
True
Is 58147 a composite number?
False
Is 182309 a prime number?
True
Is 5509 prime?
False
Is 97 a composite number?
False
Is 66914 a prime number?
False
Is 24733 composite?
False
Is 62791 composite?
False
Is 76063 prime?
False
Is 14473 a composite number?
True
Is 203041 composite?
True
Is 32659 composite?
True
Is 1479031 prime?
True
Is 35023 prime?
True
Is 602929 composite?
False
Is 12193 composite?
True
Is 67751 composite?
False
Is 440023 composite?
False
Is 6742 composite?
True
Is 3821 prime?
True
Is 11153 a prime number?
False
Is 26539 a composite number?
False
Is 87931 composite?
False
Is 11369 a composite number?
False
Is 328807 prime?
False
Is 45119 a composite number?
False
Is 191273 prime?
False
Is 4988337 prime?
False
Is 941 a composite number?
False
Is 301019 prime?
False
Is 27089 composite?
True
Is 5627 a composite number?
True
Is 2251 prime?
True
Is 154211 composite?
False
Is 1347565 prime?
False
Is 803519 composite?
False
Is 2685253 a composite number?
True
Is 1249 prime?
True
Is 128171 composite?
True
Is 159233 a prime number?
True
Is 70931 prime?
False
Is 931391 composite?
True
Is 3604786 composite?
True
Is 493567 composite?
False
Is 88547 prime?
True
Is 614459 composite?
True
Is 293629 a prime number?
False
Is 55799 prime?
True
Is 58889 a prime number?
True
Is 148913 a composite number?
False
Is 226 a prime number?
False
Is 5977 a prime number?
False
Is 913265 a composite number?
True
Is 445611 composite?
True
Is 11197 prime?
True
Is 399353 a composite number?
False
Is 174799 a composite number?
False
Is 2741291 composite?
True
Is 627931 composite?
True
Is 92329 prime?
False
Is 10243 a composite number?
False
Is 8101 a prime number?
True
Is 309989 a prime number?
True
Is 3659 composite?
False
Is 448441 a composite number?
True
Is 48003 composite?
True
Is 776383 a composite number?
True
Is 22171 a composite number?
False
Is 4078003 a prime number?
True
Is 1931 a prime number?
True
Is 20327 a composite number?
False
Is 738437 prime?
False
Is 141619 composite?
False
Is 162821 prime?
True
Is 7886 prime?
False
Is 183193 composite?
True
Is 667 a prime number?
False
Is 27519 prime?
False
Is 393961 a prime number?
True
Is 391227 a composite number?
True
Is 406293 a prime number?
False
Is 6067 composite?
False
Is 191119 a prime number?
True
Is 23185 prime?
False
Is 488933 prime?
False
Is 495241 a prime number?
True
Is 15053 a composite number?
False
Is 773335 prime?
False
Is 2867171 a composite number?
True
Is 1924099 a composite number?